tiple of 7?
True
Is 1898 a factor of 385549817?
False
Does 1898 divide 91736034?
True
Is 190 a factor of 397644848?
False
Is 162 a factor of 5922184?
False
Is 40455538 a multiple of 381?
False
Is 252987744 a multiple of 6?
True
Is 2115 a factor of 50856553?
False
Is 493283592 a multiple of 72?
True
Is 1162383456 a multiple of 1885?
False
Is 267 a factor of 32173633?
False
Does 38 divide 1188734822?
False
Is 69 a factor of 2402935?
False
Does 73 divide 5898238013?
True
Is 3990835091 a multiple of 20?
False
Does 8 divide 4436515840?
True
Is 53128071 a multiple of 22?
False
Is 148012745 a multiple of 738?
False
Does 1113 divide 906625314?
True
Is 38578649 a multiple of 26?
False
Is 232625376 a multiple of 9?
True
Is 8 a factor of 37449240?
True
Is 37 a factor of 2910672054?
False
Is 1792 a factor of 219450112?
True
Does 297 divide 7923074?
False
Is 850460276 a multiple of 5142?
False
Is 278 a factor of 31830140?
False
Is 41 a factor of 14856410?
False
Is 3387251 a multiple of 7?
True
Does 12 divide 412161184?
False
Is 20 a factor of 109727460?
True
Is 15379981 a multiple of 23?
False
Is 191 a factor of 904111192?
False
Is 1927708088 a multiple of 47?
False
Does 6787 divide 598011104?
False
Is 24 a factor of 9236448?
True
Does 5 divide 4905405?
True
Is 1801 a factor of 595279127?
True
Is 149 a factor of 46783590?
False
Is 18 a factor of 9818388?
True
Does 1098 divide 531940600?
False
Is 2092780067 a multiple of 1262?
False
Does 1084 divide 568482120?
True
Is 616990147 a multiple of 6?
False
Is 249 a factor of 12475398?
True
Does 81 divide 17107603?
False
Is 2 a factor of 3595236?
True
Is 4 a factor of 33667320?
True
Is 57394231 a multiple of 162?
False
Is 7725094 even?
True
Is 619121272 a multiple of 2143?
True
Does 2695 divide 23609171?
False
Is 26080300 a multiple of 124?
True
Does 731 divide 70793565?
False
Does 2127 divide 3273127569?
True
Does 20 divide 92167220?
True
Is 106 a factor of 174245450?
True
Does 254 divide 6138840419?
False
Is 38 a factor of 172951984?
True
Is 384137270 a multiple of 5?
True
Is 233209826 a multiple of 1721?
False
Is 224 a factor of 133955833?
False
Is 88 a factor of 44676808?
True
Is 19 a factor of 31813977?
False
Is 288463986 a multiple of 723?
True
Is 2310 a factor of 9840600?
True
Is 59871119 a multiple of 11?
True
Is 105 a factor of 12394761?
False
Is 256718716 a multiple of 4?
True
Is 546 a factor of 44303532?
True
Does 2600 divide 455184215?
False
Does 132 divide 15156436?
False
Does 240 divide 7092942720?
True
Does 13691 divide 4273270571?
False
Does 248 divide 3227720965?
False
Is 92326778 a multiple of 58?
True
Does 323 divide 1103691?
True
Is 47 a factor of 15413384?
False
Is 994553658 a multiple of 1926?
True
Is 1551641349 a multiple of 2267?
True
Is 99 a factor of 23588433?
True
Is 156 a factor of 22654320?
True
Is 55 a factor of 2160525840?
True
Is 1097975781 a multiple of 2102?
False
Is 18 a factor of 1494300677?
False
Is 833 a factor of 116562079?
False
Is 11 a factor of 714578964?
True
Is 123306014 a multiple of 251?
False
Is 386 a factor of 11307870?
True
Is 1152044732 a multiple of 3011?
True
Does 1068 divide 4721628?
True
Is 4826607 a multiple of 166?
False
Does 898 divide 33677694?
True
Does 441 divide 122649597?
True
Does 22 divide 240666030?
True
Is 1124 a factor of 24862880?
True
Is 13215672 a multiple of 16?
False
Is 8 a factor of 16152568?
True
Does 538 divide 283757340?
True
Is 16936666 a multiple of 113?
True
Is 199958850 a multiple of 95?
True
Is 681942654 a multiple of 603?
False
Is 31 a factor of 1179167031?
False
Is 697221836 a multiple of 81?
False
Is 1666 a factor of 1757165186?
True
Does 4 divide 1626574?
False
Is 4855618 a multiple of 31?
False
Is 577 a factor of 5382929?
False
Is 321471579 a multiple of 705?
False
Does 1034 divide 85433882?
False
Does 2166 divide 49703202?
True
Does 786 divide 65793702?
True
Is 60 a factor of 150120900?
True
Is 8 a factor of 136354004?
False
Is 1219 a factor of 18601940?
True
Does 4 divide 76697184?
True
Is 422235632 a multiple of 56?
True
Is 44 a factor of 1863967?
False
Is 48 a factor of 53519424?
True
Is 411615982 a multiple of 446?
False
Is 2772 a factor of 177031008?
True
Is 30841385 a multiple of 130?
False
Is 297378730 a multiple of 1265?
True
Is 17 a factor of 862631510?
True
Is 9227 a factor of 1026607985?
False
Is 11 a factor of 256529056?
False
Does 59 divide 18648012?
True
Is 1267622 a multiple of 34?
True
Is 284334936 a multiple of 582?
True
Is 29 a factor of 272876230?
False
Does 106 divide 4848122?
True
Is 341 a factor of 289814877?
True
Is 1632550680 a multiple of 684?
True
Does 45 divide 164505261?
False
Is 285 a factor of 4582658064?
False
Is 13 a factor of 604410556?
False
Is 69067680 a multiple of 24?
True
Is 949 a factor of 198041093?
False
Is 32358300 a multiple of 20?
True
Does 174 divide 10473582?
True
Is 62 a factor of 13706464?
True
Is 26 a factor of 627796538?
False
Does 19 divide 1889348?
False
Does 450 divide 27212953?
False
Is 337390070 a multiple of 167?
False
Is 70 a factor of 42203000?
True
Is 2877125185 a multiple of 4019?
False
Is 1241 a factor of 523441983?
False
Does 877 divide 49324234?
True
Is 355561379 a multiple of 37?
True
Is 9205029 a multiple of 27?
True
Is 9 a factor of 642081331?
False
Does 18 divide 39098402?
False
Is 10 a factor of 6121717?
False
Is 204016824 a multiple of 4152?
True
Is 28004762 a multiple of 6?
False
Is 674072464 a multiple of 188?
False
Is 8 a factor of 335747440?
True
Is 53149673 a multiple of 18?
False
Is 1376 a factor of 63964736?
True
Does 34 divide 653610799?
False
Is 2518 a factor of 34939768?
True
Is 1671984034 a multiple of 14?
True
Does 294 divide 491263265?
False
Is 441 a factor of 12121871?
False
Is 123 a factor of 1380232510?
False
Does 365 divide 22951200?
True
Does 603 divide 156175191?
True
Is 65668137 a multiple of 247?
False
Is 2 a factor of 14645518?
True
Is 13111260 a multiple of 30?
True
Does 963 divide 516142035?
False
Is 341640450 a multiple of 45?
True
Is 1424 a factor of 1390582992?
True
Does 18 divide 165027435?
False
Is 6 a factor of 25515810?
True
Is 27307553 a multiple of 35?
False
Does 56 divide 19472922?
False
Is 660857150 a multiple of 25?
True
Is 12 a factor of 96674540?
False
Is 69 a factor of 583374091?
False
Is 4899 a factor of 1042541493?
True
Is 499 a factor of 159962434?
True
Is 111445828 a multiple of 13?
True
Is 11 a factor of 1884268557?
False
Is 328163346 a multiple of 126?
True
Is 5 a factor of 3943503?
False
Does 14 divide 720170850?
True
Does 15 divide 136995901?
False
Is 653 a factor of 3711060?
False
Is 16313817 a multiple of 25?
False
Does 425 divide 545960525?
True
Does 150 divide 1325700838?
False
Is 4590 a factor of 80272067?
False
Is 888 a factor of 122252736?
True
Is 3 a factor of 29663237?
False
Does 18 divide 4818396?
False
Is 102 a factor of 6134076?
True
Is 483 a factor of 889600633?
False
Does 15 divide 70209995?
False
Is 42 a factor of 10219278?
False
Is 117503737 a multiple of 16?
False
Does 3 divide 869772?
True
Is 1379520800 a multiple of 14?
True
Does 275 divide 177607165?
False
Is 131980338 a multiple of 63?
True
Does 924 divide 17762052?
True
Is 6767276 a multiple of 24?
False
Does 230 divide 1019062245?
False
Is 2371 a factor of 1799586629?
True
Is 2623 a factor of 556447867?
False
Is 1286 a factor of 109245103?
False
Does 67 divide 254317797?
False
Is 1145 a factor of 136567077?
False
Does 31 divide 2291549295?
True
Is 19306599 a multiple of 13?
True
Does 19 divide 77752180?
True
Is 1398 a factor of 30491778?
True
Is 846 a factor of 3719708?
False
Is 84 a factor of 1730502?
False
Does 164 divide 22491103?
False
Does 91 divide 45871644?
True
Does 2 divide 7932061?
False
Is 330 a factor of 766920?
True
Does 136 divide 29759850?
False
Does 16 divide 139514832?
True
Is 1467 a factor of 4918856?
False
Is 219483067 a multiple of 223?
True
Does 46 divide 663046429?
False
Is 175 a factor of 2831840273?
False
Is 8365904 a multiple of 34?
True
Does 20 divide 32715630?
False
Is 6436672 a multiple of 328?
True
Does 38 divide 406740372?
True
Does 576 divide 1914003325?
False
Is 212445157 a multiple of 14?
False
Does 11528 divide 1365532001?
False
Is 19 a factor of 67149146?
False
Is 76 a factor of 1605404064?
False
Does 6